t common divisor of 35184 and 402?
6
Calculate the greatest common divisor of 513 and 48393.
171
What is the highest common divisor of 95884 and 4?
4
Calculate the highest common factor of 407316 and 4368.
1092
What is the greatest common factor of 130 and 102180?
130
Calculate the highest common divisor of 1289654 and 7055.
1411
Calculate the highest common factor of 200 and 24350.
50
Calculate the greatest common divisor of 19894 and 2639.
203
What is the highest common factor of 49351 and 969?
17
What is the highest common divisor of 269258 and 110?
22
Calculate the highest common divisor of 14600 and 1400.
200
Calculate the greatest common divisor of 50084 and 64.
4
What is the highest common divisor of 66659 and 3839?
349
What is the greatest common factor of 768 and 8104?
8
Calculate the highest common factor of 305 and 265.
5
What is the highest common divisor of 2691 and 27?
9
Calculate the greatest common divisor of 555 and 75.
15
What is the greatest common factor of 1173 and 237?
3
Calculate the greatest common factor of 107 and 1483983.
107
What is the greatest common divisor of 665332 and 188?
188
What is the highest common factor of 1079 and 143?
13
What is the greatest common factor of 106788 and 26664?
132
What is the highest common divisor of 2169629 and 418?
209
What is the greatest common factor of 343 and 1142533?
343
Calculate the greatest common divisor of 128042 and 146.
146
What is the greatest common factor of 546037 and 421?
421
What is the highest common divisor of 15 and 5608245?
15
What is the greatest common divisor of 33460 and 70?
70
Calculate the greatest common divisor of 4548 and 2364.
12
What is the highest common divisor of 5453 and 595?
7
What is the highest common factor of 19906 and 4?
2
What is the greatest common divisor of 406 and 389151?
203
What is the greatest common divisor of 145364 and 4?
4
Calculate the greatest common divisor of 165732 and 252.
84
Calculate the greatest common divisor of 376 and 39433.
47
Calculate the highest common factor of 986320 and 20.
20
What is the greatest common divisor of 65 and 59215?
65
What is the highest common factor of 5365 and 272542?
1073
Calculate the highest common factor of 204 and 16152.
12
What is the highest common divisor of 6387948 and 1260?
252
Calculate the greatest common factor of 22440 and 1615.
85
Calculate the greatest common factor of 16 and 336192.
16
What is the highest common factor of 218 and 14933?
109
Calculate the greatest common divisor of 29808 and 12834.
414
Calculate the greatest common factor of 512 and 3584.
512
Calculate the highest common factor of 9536 and 2682.
298
Calculate the greatest common factor of 27750 and 68.
2
Calculate the greatest common divisor of 114 and 45714.
114
What is the greatest common factor of 309946 and 4394?
338
What is the greatest common factor of 20 and 5570?
10
What is the greatest common factor of 343 and 11956?
49
Calculate the greatest common factor of 2513 and 83647.
359
Calculate the highest common factor of 2162 and 2070.
46
Calculate the greatest common divisor of 5265 and 10335.
195
Calculate the greatest common factor of 231 and 12969.
33
Calculate the highest common factor of 921415 and 440.
55
What is the greatest common factor of 448 and 14528?
64
Calculate the highest common divisor of 2997 and 10287.
81
What is the greatest common factor of 83434 and 26?
26
Calculate the highest common factor of 5229 and 828506.
581
Calculate the highest common divisor of 15 and 111123.
3
What is the greatest common factor of 1272 and 120?
24
Calculate the highest common divisor of 3596 and 35402.
62
Calculate the highest common divisor of 1430 and 100672.
286
What is the greatest common divisor of 2419 and 4633?
41
What is the greatest common factor of 294 and 657447?
21
Calculate the highest common factor of 215 and 2279.
43
Calculate the highest common factor of 15734664 and 176.
88
What is the greatest common factor of 25636 and 29?
29
What is the greatest common factor of 9128 and 56?
56
Calculate the highest common factor of 3201702 and 70.
14
What is the greatest common divisor of 484580 and 40?
20
What is the highest common factor of 44004 and 684?
228
Calculate the highest common divisor of 77 and 550.
11
What is the highest common factor of 21 and 1549422?
21
What is the greatest common factor of 144925 and 2108?
527
Calculate the greatest common divisor of 1615 and 11645.
85
Calculate the greatest common divisor of 34 and 3575797.
17
Calculate the highest common factor of 23 and 181723.
23
What is the greatest common divisor of 4785 and 14385?
15
Calculate the highest common factor of 520005 and 405.
15
What is the greatest common divisor of 1010 and 280?
10
What is the highest common divisor of 729 and 4338?
9
What is the greatest common divisor of 444798 and 207?
9
Calculate the highest common divisor of 97030 and 310.
310
What is the highest common divisor of 597 and 29054?
199
What is the highest common divisor of 153 and 117334?
17
Calculate the greatest common factor of 12 and 27220.
4
What is the greatest common factor of 990125 and 534?
89
What is the highest common factor of 524 and 941366?
262
What is the greatest common divisor of 2516 and 2074?
34
What is the greatest common divisor of 5535 and 1665?
45
What is the highest common divisor of 809472 and 32?
32
Calculate the greatest common factor of 6279 and 111527.
299
What is the highest common divisor of 1311141 and 156?
39
Calculate the greatest common factor of 8586 and 583.
53
Calculate the highest common factor of 59156 and 92.
92
Calculate the greatest common factor of 34 and 1101634.
34
Calculate the greatest common divisor of 5457 and 85.
17
Calculate the greatest common factor of 2033 and 406386.
107
What is the greatest common divisor of 304638 and 6?
6
Calculate the highest common divisor of 2079 and 18627.
21
Calculate the highest common factor of 100 and 52650.
50
What is the greatest common divisor of 1188 and 10990188?
1188
Calculate the greatest common divisor of 5721058 and 14.
14
Calculate the highest common divisor of 5 and 401675.
5
What is the greatest common factor of 110 and 484?
22
What is the highest common factor of 85 and 10081?
17
What is the highest common factor of 31416 and 1177?
11
What is the highest common divisor of 223110 and 518?
74
Calculate the greatest common factor of 10653 and 65526.
201
What is the highest common factor of 2867 and 1159?
61
What is the highest common divisor of 954 and 61326?
18
What is the highest common factor of 11748 and 1573?
11
What is the highest common divisor of 1818 and 535401?
909
What is the greatest common divisor of 34450 and 155714?
1378
What is the greatest common factor of 524244 and 4740?
948
Calculate the greatest common divisor of 32606 and 29318.
274
Calculate the highest common divisor of 2060808 and 816.
408
What is the highest common factor of 48529 and 221?
13
Calculate the highest common divisor of 752 and 200.
8
What is the greatest common divisor of 833 and 27293?
49
Calculate the greatest common divisor of 548969 and 16441.
401
Calculate the greatest common divisor of 134902 and 148.
74
What is the greatest common factor of 397512 and 144?
72
What is the greatest common factor of 857183 and 284?
71
Calculate the greatest common divisor of 782772 and 777.
111
What is the greatest common divisor of 2198 and 1834?
14
Calculate the highest common divisor of 3169327 and 476.
119
What is the greatest common divisor of 338240 and 5738?
302
Calculate the highest common divisor of 113 and 9721051.
113
Calculate the highest common divisor of 459 and 221.
17
Calculate the highest common divisor of 16 and 398512.
16
Calculate the greatest common divisor of 1748447 and 94.
47
Calculate the highest common factor of 4373030 and 212.
106
Calculate the highest common divisor of 4300 and 5100.
100
What is the highest common divisor of 200 and 55?
5
What is the greatest common divisor of 50225 and 490?
245
Calculate the highest common divisor of 2231 and 529717.
97
What is the greatest common divisor of 7775 and 50?
25
What is the highest common factor of 518 and 3512558?
518
What is the highest common divisor of 1646365 and 20?
5
What is the highest com